 the highest common divisor of 210 and 484442?
14
Calculate the highest common divisor of 53231805 and 6138.
3069
Calculate the highest common factor of 21854535 and 39.
3
Calculate the greatest common divisor of 93174 and 1134942.
318
Calculate the highest common divisor of 1712 and 21138385.
107
What is the highest common divisor of 159885 and 444410?
95
What is the greatest common divisor of 7980 and 188785140?
1140
What is the greatest common divisor of 1707218052 and 29?
29
Calculate the highest common factor of 20880 and 19884.
12
What is the greatest common factor of 55850 and 5025?
25
What is the highest common divisor of 1177608 and 801663?
1059
What is the highest common factor of 1529 and 355701?
139
What is the greatest common factor of 1414131 and 48?
3
What is the greatest common divisor of 928637954 and 68?
34
What is the highest common factor of 1274 and 54102958?
1274
Calculate the highest common factor of 650 and 2329372825.
325
What is the greatest common divisor of 28371 and 26166?
147
Calculate the greatest common factor of 473306 and 16.
2
What is the greatest common factor of 202370 and 22981?
343
What is the greatest common divisor of 22312 and 599304?
8
What is the greatest common factor of 547924 and 92332?
164
What is the highest common factor of 125910 and 5671546?
2798
Calculate the greatest common factor of 8385 and 204531435.
645
What is the highest common factor of 7736 and 1110123736?
7736
Calculate the greatest common divisor of 12149125 and 269330.
5855
What is the greatest common divisor of 4230 and 8704890?
90
What is the highest common divisor of 2761 and 3205994?
11
Calculate the greatest common divisor of 128 and 14440384.
64
Calculate the highest common divisor of 1974132 and 204120.
2916
What is the highest common factor of 7228545 and 7725?
15
What is the highest common factor of 411 and 104270563?
137
What is the greatest common factor of 691 and 3668519?
691
What is the highest common factor of 34 and 593573938?
34
Calculate the highest common divisor of 6036 and 60814209.
1509
Calculate the greatest common factor of 2788613 and 92903.
1523
What is the highest common factor of 10080 and 23744?
224
Calculate the highest common factor of 80344 and 20564412.
3652
What is the highest common divisor of 1809 and 44360499?
201
What is the highest common divisor of 29688150 and 75?
75
What is the highest common factor of 168 and 897512?
56
Calculate the highest common factor of 175 and 36470.
35
Calculate the highest common divisor of 230 and 1928830.
10
What is the highest common factor of 18419544 and 33462?
2574
What is the highest common divisor of 250600 and 720?
40
What is the highest common factor of 1995259 and 413?
7
Calculate the highest common divisor of 30746218 and 34542.
3838
What is the highest common factor of 126084498 and 3408?
426
What is the greatest common factor of 44882163 and 843?
843
Calculate the highest common divisor of 5983230 and 198.
66
Calculate the greatest common factor of 517032 and 318114.
774
What is the highest common divisor of 19278 and 169344?
378
What is the greatest common factor of 72960 and 1923028?
76
Calculate the greatest common factor of 4798404 and 126.
18
Calculate the greatest common divisor of 1815624380 and 3076.
3076
Calculate the greatest common factor of 359281 and 1722513.
377
Calculate the greatest common factor of 473 and 44477829.
11
Calculate the greatest common divisor of 3763987 and 17.
17
What is the greatest common factor of 537 and 592219173?
537
What is the highest common divisor of 6980 and 341471372?
1396
What is the highest common factor of 80 and 35777760?
80
What is the greatest common factor of 20428443 and 294?
147
What is the highest common factor of 16936 and 166732?
292
What is the greatest common divisor of 136 and 29990608?
8
What is the highest common divisor of 46661622 and 301?
301
Calculate the highest common factor of 4048 and 2218624.
16
What is the greatest common divisor of 7852 and 189020?
52
Calculate the greatest common divisor of 4635 and 84706170.
1545
What is the greatest common factor of 1603407 and 2431?
13
Calculate the highest common factor of 3542 and 3773242.
506
What is the highest common divisor of 1100187 and 3663?
99
Calculate the highest common factor of 11229 and 6323162.
19
What is the highest common divisor of 2030913 and 2835?
81
What is the highest common factor of 1256405 and 3245?
295
Calculate the greatest common factor of 60559 and 2272279.
2633
Calculate the highest common factor of 119145 and 602485.
845
Calculate the greatest common divisor of 2100 and 6008415.
105
Calculate the greatest common factor of 1483401 and 14611.
769
What is the highest common divisor of 10615 and 27940?
55
Calculate the highest common factor of 10366 and 1648762.
142
What is the highest common factor of 82425 and 15337644?
3297
Calculate the greatest common divisor of 3850 and 817355.
385
Calculate the greatest common divisor of 597 and 16566153.
597
Calculate the greatest common divisor of 3200 and 2193200.
400
What is the highest common divisor of 153366383 and 183?
61
What is the highest common divisor of 32480 and 616105?
1015
Calculate the highest common divisor of 4847 and 5914635.
37
What is the highest common divisor of 13475793 and 49328?
3083
What is the highest common factor of 33327 and 533761?
529
What is the greatest common divisor of 13335 and 443985?
15
What is the greatest common divisor of 126 and 745019982?
126
Calculate the highest common factor of 1950 and 86550.
150
What is the greatest common divisor of 51 and 1249805745?
51
What is the greatest common divisor of 2607264 and 369?
9
What is the highest common factor of 29700 and 512400?
300
What is the highest common divisor of 18037608 and 16?
8
What is the highest common divisor of 18756 and 282708?
36
Calculate the greatest common divisor of 338 and 95992546.
26
Calculate the highest common divisor of 22818848 and 2080.
416
What is the greatest common factor of 8 and 4526908?
4
What is the greatest common divisor of 1505887 and 4805?
961
Calculate the highest common factor of 67730 and 12542554.
1042
What is the highest common factor of 48 and 18318160?
16
Calculate the greatest common divisor of 10029909 and 1311.
69
Calculate the greatest common factor of 2214747515 and 415.
415
What is the greatest common factor of 306228 and 866463?
507
What is the highest common divisor of 196978 and 8344?
298
What is the greatest common factor of 667 and 160325203?
23
Calculate the greatest common factor of 1366376 and 176.
88
What is the highest common factor of 38808825 and 825?
825
What is the highest common factor of 12484095 and 219?
219
What is the highest common divisor of 16 and 833164?
4
What is the greatest common divisor of 113080527 and 7?
7
What is the greatest common factor of 5819350 and 25?
25
What is the greatest common divisor of 62659151 and 373?
373
Calculate the highest common factor of 295119286 and 1463.
1463
Calculate the highest common factor of 11304 and 17808039.
1413
What is the greatest common factor of 123068470 and 40690?
3130
What is the highest common divisor of 270 and 230344209?
27
Calculate the greatest common factor of 1127 and 3726.
23
Calculate the highest common factor of 90944580 and 116.
116
Calculate the greatest common factor of 742 and 32728136.
742
What is the greatest common divisor of 35265732 and 772?
772
Calculate the greatest common factor of 212 and 4035579.
53
Calculate the highest common factor of 429262521 and 426.
213
What is the greatest common factor of 75392 and 1089232?
304
What is the highest common divisor of 168 and 12345144?
168
What is the highest common factor of 34636 and 273756?
28
Calculate the greatest common divisor of 2154596 and 56.
4
What is the highest common divisor of 19760000 and 351?
13
Calculate the greatest common divisor of 52805136 and 5536.
2768
Calculate the greatest common factor of 7793100 and 108.
36
Calculate the greatest common factor of 140 and 35329252.
28
Calculate the highest common factor of 537 and 1752585778.
179
Calculate the greatest common factor of 31977 and 101728.
187
Calculate the greatest common factor of 1438365 and 45.
15
Calculate the great